ed by 24.
3
Calculate the remainder when 223 is divided by 16.
15
What is the remainder when 114 is divided by 39?
36
What is the remainder when 548 is divided by 24?
20
Calculate the remainder when 369 is divided by 62.
59
Calculate the remainder when 127 is divided by 29.
11
Calculate the remainder when 567 is divided by 4.
3
What is the remainder when 101 is divided by 15?
11
Calculate the remainder when 80 is divided by 28.
24
Calculate the remainder when 414 is divided by 32.
30
What is the remainder when 116 is divided by 57?
2
Calculate the remainder when 64953 is divided by 11.
9
What is the remainder when 398 is divided by 20?
18
What is the remainder when 245 is divided by 30?
5
Calculate the remainder when 898 is divided by 45.
43
Calculate the remainder when 180 is divided by 27.
18
Calculate the remainder when 703 is divided by 22.
21
Calculate the remainder when 132 is divided by 47.
38
Calculate the remainder when 329 is divided by 11.
10
Calculate the remainder when 295 is divided by 11.
9
Calculate the remainder when 812 is divided by 243.
83
Calculate the remainder when 619 is divided by 27.
25
What is the remainder when 32 is divided by 5?
2
Calculate the remainder when 518 is divided by 124.
22
What is the remainder when 110 is divided by 43?
24
Calculate the remainder when 35 is divided by 21.
14
What is the remainder when 153 is divided by 14?
13
Calculate the remainder when 19 is divided by 11.
8
What is the remainder when 185 is divided by 27?
23
What is the remainder when 118 is divided by 32?
22
What is the remainder when 46 is divided by 10?
6
Calculate the remainder when 192 is divided by 79.
34
Calculate the remainder when 2946 is divided by 14.
6
Calculate the remainder when 170 is divided by 51.
17
What is the remainder when 267 is divided by 72?
51
What is the remainder when 627 is divided by 44?
11
What is the remainder when 2146 is divided by 47?
31
What is the remainder when 252 is divided by 11?
10
Calculate the remainder when 864 is divided by 10.
4
What is the remainder when 1171 is divided by 270?
91
What is the remainder when 127 is divided by 45?
37
Calculate the remainder when 8784 is divided by 293.
287
What is the remainder when 171 is divided by 13?
2
Calculate the remainder when 929 is divided by 22.
5
Calculate the remainder when 572 is divided by 69.
20
What is the remainder when 1007 is divided by 44?
39
Calculate the remainder when 1401 is divided by 26.
23
Calculate the remainder when 329 is divided by 22.
21
What is the remainder when 327 is divided by 313?
14
Calculate the remainder when 4655 is divided by 16.
15
Calculate the remainder when 1767 is divided by 104.
103
Calculate the remainder when 245 is divided by 3.
2
What is the remainder when 137 is divided by 39?
20
Calculate the remainder when 146 is divided by 9.
2
What is the remainder when 3802 is divided by 12?
10
What is the remainder when 1973 is divided by 94?
93
Calculate the remainder when 972 is divided by 950.
22
What is the remainder when 589 is divided by 56?
29
Calculate the remainder when 2307 is divided by 26.
19
Calculate the remainder when 649 is divided by 137.
101
Calculate the remainder when 160 is divided by 7.
6
What is the remainder when 1606 is divided by 201?
199
What is the remainder when 268 is divided by 88?
4
Calculate the remainder when 56 is divided by 49.
7
Calculate the remainder when 1306 is divided by 259.
11
What is the remainder when 171 is divided by 141?
30
What is the remainder when 695 is divided by 125?
70
Calculate the remainder when 450 is divided by 24.
18
Calculate the remainder when 472 is divided by 19.
16
Calculate the remainder when 786 is divided by 134.
116
Calculate the remainder when 548 is divided by 25.
23
Calculate the remainder when 1939 is divided by 67.
63
Calculate the remainder when 2241 is divided by 44.
41
Calculate the remainder when 50 is divided by 8.
2
Calculate the remainder when 83 is divided by 17.
15
Calculate the remainder when 53 is divided by 47.
6
Calculate the remainder when 28079 is divided by 156.
155
Calculate the remainder when 461 is divided by 22.
21
What is the remainder when 18 is divided by 17?
1
Calculate the remainder when 45 is divided by 27.
18
What is the remainder when 6 is divided by 1?
0
Calculate the remainder when 33 is divided by 13.
7
What is the remainder when 57 is divided by 28?
1
Calculate the remainder when 16 is divided by 3.
1
Calculate the remainder when 527 is divided by 10.
7
What is the remainder when 2157 is divided by 24?
21
Calculate the remainder when 1063 is divided by 15.
13
Calculate the remainder when 2347 is divided by 102.
1
What is the remainder when 1101 is divided by 350?
51
Calculate the remainder when 24 is divided by 1.
0
What is the remainder when 5737 is divided by 1907?
16
Calculate the remainder when 846 is divided by 279.
9
Calculate the remainder when 129 is divided by 125.
4
What is the remainder when 64 is divided by 30?
4
What is the remainder when 7098 is divided by 134?
130
What is the remainder when 227 is divided by 6?
5
Calculate the remainder when 35 is divided by 10.
5
Calculate the remainder when 1267 is divided by 36.
7
What is the remainder when 2975 is divided by 20?
15
Calculate the remainder when 2211 is divided by 60.
51
What is the remainder when 150 is divided by 146?
4
What is the remainder when 1119 is divided by 19?
17
Calculate the remainder when 352 is divided by 42.
16
What is the remainder when 501 is divided by 56?
53
Calculate the remainder when 634 is divided by 49.
46
Calculate the remainder when 30 is divided by 13.
4
Calculate the remainder when 322 is divided by 25.
22
What is the remainder when 8 is divided by 8?
0
What is the remainder when 729 is divided by 233?
30
What is the remainder when 473 is divided by 19?
17
Calculate the remainder when 273 is divided by 93.
87
Calculate the remainder when 244 is divided by 8.
4
Calculate the remainder when 337 is divided by 108.
13
What is the remainder when 927 is divided by 62?
59
What is the remainder when 2260 is divided by 565?
0
Calculate the remainder when 3345 is divided by 25.
20
What is the remainder when 72 is divided by 5?
2
What is the remainder when 235 is divided by 40?
35
Calculate the remainder when 122 is divided by 78.
44
What is the remainder when 8984 is divided by 101?
96
What is the remainder when 4517 is divided by 226?
223
Calculate the remainder when 2190 is divided by 17.
14
Calculate the remainder when 323 is divided by 80.
3
What is the remainder when 101 is divided by 71?
30
Calculate the remainder when 317 is divided by 65.
57
Calculate the remainder when 66 is divided by 1.
0
Calculate the remainder when 163 is divided by 56.
51
Calculate the remainder when 9193 is divided by 19.
16
Calculate the remainder when 615 is divided by 63.
48
What is the remainder when 59 is divided by 30?
29
What is the remainder when 3707 is divided by 128?
123
What is the remainder when 333 is divided by 287?
46
Calculate the remainder when 3242 is divided by 16.
10
Calculate the remainder when 122 is divided by 16.
10
What is the remainder when 140 is divided by 15?
5
What is the remainder when 791 is divided by 66?
65
Calculate the remainder when 26 is divided by 5.
1
What is the remainder when 1069 is divided by 107?
106
What is the remainder when 22880 is divided by 29?
28
Calculate the remainder when 267 is divided by 114.
39
What is the remainder when 1869 is divided by 312?
309
What is the remainder when 1195 is divided by 57?
55
Calculate the remainder when 1280 is divided by 7.
6
Calculate the remainder when 1465 is divided by 732.
1
Calculate the remainder when 346 is divided by 25.
21
What is the remainder when 2324 is divided by 24?
20
What is the remainder when 111 is divided by 16?
15
Calculate the remainder when 201 is divided by 29.
27
Calculate the remainder when 29 is divided by 11.
7
Calculate the remainder when 2573 is divided by 20.
13
Calculate the remainder when 3905 is divided by 62.
61
Calculate the remainder when 430 is divided by 41.
20
Calculate the remainder when 98 is divided by 36.
26
What is the remainder when 84 is divided by 41?
2
What is the remainder when 1528 is divided by 22?